+ -5 + -5 + -7)).
-10
What is -66 + (-37 - -70) + 9?
-24
Evaluate 6 - ((-1 - -2) + 3).
2
What is 21 - (-24 - -20 - -28)?
-3
Calculate 1 - 15 - -10 - (-3 - -5).
-6
24 - 1 - (-53 + 62)
14
2 + -24 - (-17 - (-8 + (4 - 12)))
-21
(30 - 66) + (6 - -12)
-18
Calculate (-6 - -15) + 2 + -3 - (5 - -9).
-6
What is the value of -25 - -30 - (-3 - -15)?
-7
What is -9 + (8 - -13 - 4) - (1 + 25)?
-18
Evaluate (3 - -1 - ((-15 - -12) + 8)) + 7.
6
What is the value of (98 + -88 - (9 - 0)) + (-1 - -13)?
13
Evaluate (-2 - (-4 + 1)) + 1 + -3 - -2.
1
Evaluate (11 - 12 - 11) + 12.
0
(3 - 8) + -2 + (1 - -24) + -2
16
(-7 - (9 + -26)) + -2 - 9
-1
What is 8 + -1 - (10 + (11 - 15))?
1
Calculate -10 - (-14 + 14 + -9).
-1
(-3 - (5 + -3 - 10)) + (89 - 83)
11
Evaluate 13 + 4 - -4 - 21.
0
Calculate -37 + -2 + -3 - -34.
-8
-18 - (19 + -8 + -45) - 21
-5
Calculate (24 - -1) + -35 + 21 + 1.
12
Calculate 6 + 0 - (-64 + 80).
-10
Evaluate (4 - (-2 + -32)) + -6 - (-14 + 17).
29
Evaluate 2 + -11 + -5 + 17.
3
What is 25 - (1 + 15 + -1)?
10
What is (-2778 - -2774) + -1 + 42?
37
Calculate 13 + 6 + -13 + (-6 - 0).
0
Calculate (1 - 6) + -16 + 7 + 0.
-14
What is 3 - ((7 - 27 - -14) + 18)?
-9
Calculate -229 + 224 + -6 + -1.
-12
-14 + (13 - (18 + -12) - 14)
-21
What is 6 + 3 + (11 - 15 - (-2 + 2))?
5
What is (-2 - 7 - ((-35 - -15) + 14)) + 0?
-3
What is (-4 - -4) + (7 + -6 - 9)?
-8
What is 3 + -14 + 8 + 3?
0
20 - (-13 + (-12 + 15 - -9))
21
Evaluate (-57 - -75) + 5 - (19 + -1).
5
Evaluate -4 + (14 - 3) - (-2 + -9).
18
What is -3 - ((5 + (-4 - 0) - 26) + 5)?
17
Evaluate -21 - -9 - (-3 + -1) - -4.
-4
Evaluate (0 - 4) + 3 + 61 + -45.
15
What is (-44 - -33) + -1 + -6 + 6?
-12
-10 + 53 + -15 + -16
12
Calculate 5 + (7 - -14) + -16.
10
What is the value of 12 + 4 + -34 + 6?
-12
Calculate 0 + -2 + 11 + 3 + -19 + 5.
-2
Evaluate -12 - (-11 - (-3 + 4)).
0
Evaluate 1279 + -1316 - (1 + -15).
-23
What is ((-4 - -11) + -12 + 1 - -1) + 4?
1
3 + -4 + -10 - (9 - 10)
-10
Evaluate 7 - ((-2 - (-1 + (5 - 6))) + 0).
7
What is the value of 2 + (-3 - -5) - (4 - -2)?
-2
What is the value of 25 + (0 - 17) - 8?
0
What is the value of (-100 - -102 - (29 - (4 - 2))) + 7?
-18
What is the value of 6 - (-8 + 12 - -15)?
-13
-9 + (-2 - 11) + 21
-1
What is the value of 18 + -30 + -7 - -9?
-10
What is the value of -11 + -1 - (-4 - (0 + 8 + -5))?
-5
What is -7 + 8 - (24 + -32)?
9
Calculate 0 - -9 - (-167 - -169).
7
What is (15 - 32) + (2 - -17)?
2
What is (-8 - (11 - 14)) + (9 - 0 - 0)?
4
What is the value of 1 + 1 + -8 + (3 - (-17 - -3))?
11
Calculate 3 - (-8 - ((1 - 4) + -2)) - 7.
-1
What is the value of 5 + (-184 + 189 - (-1 + 13)) - -13?
11
Evaluate (-4 - (-30 - -20)) + 6.
12
What is -7 + -6 + 12 + (-23 - -26)?
2
Calculate -1 + (2 + 6 + -7 + -1 - 3).
-4
(-2 - 26) + (38 - 33)
-23
What is the value of -5 - (-22 + 5) - ((20 - 6) + -7)?
5
What is the value of -39 - -14 - (-47 + 14)?
8
What is (36 - -1) + 189 + -194 - (15 + -6)?
23
-5 + -4 + -2 + 12 + (-3 - -23)
21
Evaluate -7 - (-9 - (-26 + 13)).
-11
What is -1 + 7 - 3 - (-77 - -90)?
-10
Evaluate 26 - (18 + -16) - 15.
9
What is -4 - -2 - -24 - (25 - 12 - 11)?
20
-52 + 82 - (7 + -1)
24
Calculate (-3 - -2) + (28 - (-1 - 3 - -12)).
19
What is 11 - (2 + ((7 - 6) + -4 - -1))?
11
Evaluate (-4 - (-14 + 12)) + -5.
-7
Evaluate (-14 - -25) + -1 + 3 + (1 - 2).
12
What is the value of -19 - (-12 + 16) - (3 + -1)?
-25
(0 - 15) + (-10 - -26)
1
What is -8 + (21 - 4 - 10) + 2?
1
What is 24 + (-37 - (-1 - 18))?
6
Evaluate -73 + 18 + (60 - 38).
-33
Calculate (13 - 18) + ((3 - 2) + 2 - 6).
-8
What is -2 - (10 - ((-3 - 6) + 7))?
-14
What is -4 - (2 + 4 + (15 - (-11 - -28)))?
-8
What is the value of -5 + -21 - (-66 - -43)?
-3
What is the value of 9 + -32 + (34 - 17)?
-6
Evaluate (-4 - (3 - -1)) + 6 - 11.
-13
What is (-16 - -13) + 17 + -22?
-8
What is 25 + -5 - (71 - 57)?
6
Evaluate -3 + (-22 - -40) - 4.
11
What is 2 + -8 + -7 + 9 + -11 - -6?
-9
(33 - 38) + 8 + (0 - (4 + -1))
0
Calculate (-4 - (-13 - (-13 + 7))) + -19 + 4.
-12
Calculate 44 - ((59 - 45) + -8).
38
Calculate (1 - -1) + 1 - (-34 - -25 - -20).
-8
What is the value of (-3 + 9 - (-8 - (-9 - -12))) + -4?
13
What is the value of (-1 - 18) + (-1048 - -1045)?
-22
0 + 7 + -36 - -21
-8
(85 - 32) + -23 + -3
27
What is (502 - 446) + (-18 - (1 - 0))?
37
16 + (-7 - (6 - 5)) + (-6 - -1)
3
What is 14 - (25 + 11 + -37)?
15
10 - (-8 + 16 + (-8 - 12 - -11))
11
Calculate 3 + ((-8 - -2) + 1 - 22).
-24
Evaluate -11 - (-16 + (11 + -9 - 2)).
5
Evaluate 7 + (34 - 45) - (-5 + 2).
-1
(-2 - 4 - (-9 + 13)) + (-14 - -20)
-4
What is 10 + (20 - (16 - 11)) + 12?
37
What is (-3 - 1) + (1 - 12 - (21 + -34))?
-2
-8 - (-9 + 11 + -17)
7
Evaluate 2 - (4 - -2 - (9 + -5)) - 22.
-22
-26 + 36 + 9 + -31
-12
What is (17 - 16 - 11) + 1 - (2 - 23)?
12
What is 9 - 8 - (-9 + 7)?
3
What is the value of 11 + (-25 - -12) + -10 + 11 + -26?
-27
What is the value of (-8 - 3) + 3 + 5?
-3
Evaluate -46 - (29 + -53) - (1 + -2).
-21
Calculate 24 - ((38 - 37) + (-11 - -2) + 3).
29
Calculate 1 - (-23 + 21 + -29).
32
Calculate 33 + (23 - 87) + 48.
17
8 - (-14 - (6 - 13)) - 7
8
Evaluate 26 + (-20 + -18 - -33).
21
5 + -8 - ((6 - -1) + 3 + -2)
-11
(-2 - ((16 - 6) + -10)) + -10
-12
Evaluate -4 + 3 + 1 + -3 + (-3 - 1).
-7
(-12 - (-11 + 21)) + 2 + 4 + 1
-15
Calculate -9 + (3 - 21 - -28).
1
Calculate -277 + 232 - (-1 - 21).
-23
What is 4 + -1 + (-167 - -175)?
11
(-2 - -19) + 52 + -68
1
-16 + 6 + 29 - 14
5
What is the value of 39 - (27 - -67) - -27?
-28
-18 + (66 - ((-7 - 10) + 29))
36
What is -9 - (-5 - 3 - -3) - (14 - 0)?
-18
What is the value of 300 + -282 + -2 + -20?
-4
(-2 + 1 + -7 + 6 - -5) + -9
-6
Evaluate 40 + (-32 - -2 - -7).
17
What is the value of 12 + (6 - 10) + 37 + -10 + -9?
26
(3 - 6) + (4 - (8 - 5) - -5)
3
What is the value of 3 + (0 - -18) + -28 + 0?
-7
Calculate -5 - (8 + -22 - -19).
-10
Evaluate (2 - 0 - (3 - -2)) + (-28 - -29).
-2
Calculate 35 + (-4 + 1 - 17).
15
Calculate 2 + -30 + 226 + -212.
-14
Evaluate (-7 - (1 + -14)) + -22 + 6.
-10
What is the value of -9 + (53 + -21 - (-5 - -16))?
12
What is the value of 8 + (6 - -19) + -23?
10
Calculate -4 + (-6 - (-12 - 0 - -11)).
-9
Calculate (23 - 17) + 4 + -42.
-32
Evaluate (6 - 0) + (-15 - (-1 - 6) - -3).
1
What is the value of -47 - -55 - (-1 - 3)?
12
Evaluate (-15 - (-13 + 11) - -1) + -4 + 4.
-12
Calculate (32 - (71 + -38)) + -20.
-21
Evaluate -14 - (4 + -14 + 3).
-7
Calculate (-2 - 0) + (101 - 102) - (-4 - 3).
4
What is the value of (13 - 2 - -1) + -152 + 151?
11
What is -1 - (-59 + 60 - (0 - -2)) - -14?
14
Evaluate 6 + 1 + (1 - 4) - (150 + -141).
-5
Evaluate (-11 - (1 - 8)) + -4 + 9.
1
What is the value of 3 + (-12 - (0 - -6))?
-15
Evaluate 22 + -3 + -8 + -4.
7
-1 - (-18 + 8 - -3) - (12 + -4)
-2
Evaluate 3 + -4 + 6 + 13 - 9.
9
What is the value of (0 + 4 - -1) + (-14 - -4)?
-5
What is (36 - 28) + -16 + 12?
4
Calculate 1 + 14 + 0 - (40 - (27 + 10)).
12
What is (3 + -15 - -8) + 7 + (-1 - 2)?
0
Evaluate 10 - ((-24 - -95) + -30).
-31
Calculate 32 + -22 + -16 + 1 + 8.
3
What is the value of (-5 + 2 - 18) + 6 + (-2 - -3)?
-14
Evaluate (0 - -1) + 23 + -50 - -9.
-17
What is the value of (7 - 6 - 13) + (-23 - -23) + 0?
-12
Evaluate 6 + -15 - (-19 + -12).
22
Calculate 20 - 15 - (-1 + 5 + 3 + -12).
10
What is the value of 2 + (15 - (28 - 24))?
13
What is -24 + 1 + -317 + 331?
-9
Calculate -1 + (-14 - (-4 + -11)).
0
What is -30 - (-1 + (-31 - -14) + 12)?
-24
Calculate -2 + 4 - (-12 + -1 - (148 + -153)).
10
Evaluate (6 - 10 - 13 - -4) + -4.
-17
Calculate 0 - -12 - (544 - 549).
17
-10 + 20 + -5 - (14 + (1 - 0))
-10
Calculate -15 - (-18 + (9 - 14)).
8
5 + ((-8 - 1) + -3 - -8)
1
Calculate (12 - (6 - -7)) + 10.
9
4 + (-11 - (5 + -14))
2
-369 + 407 - (8 + 1)
29
(28 - 12 - 21) + (-2 - (-1 + -13))
7
Evaluate -2 + 4 + (-11 - 1) - -1.
-9
What is the value of 436 + -429 + 1 + -5?
3
(-37 - -23) + 11 + -4 + 20
13
What is the value of -87 + 94 - (13 - 2)?
-4
Evaluate (-18 - (-3 - 7) - -36) + (-13 - -4).
19
What is (13 - (50 + -41)) + (2 - 43)?
-37
What is the value of -2 + -2 + (0 - -11) + 7?
14
Calculate 18 + -39 + (-5 + 16 - 4).
-14
(29 - 15) + -14 + 12
12
What is the value of -12 - (1 - 7) - (-3 + 3 + -10)?
4
Calculate 19 - (-23 - -32 - 0).
10
What is 23 + -18 - -30 - 34?
1
What is the value of (-27 - (-2 + -8)) + (8 + -4 - 9)?
-22
What is 0 + (7 - (38 - (7 